[INFO] fetching crate websocket-codec 0.5.2...
[INFO] checking websocket-codec-0.5.2 against master#9610dfe5a9a731ced1ea4923ecbd0c57fe367898 for beta-170-4
[INFO] extracting crate websocket-codec 0.5.2 into /workspace/builds/worker-5-tc1/source
[INFO] validating manifest of crates.io crate websocket-codec 0.5.2 on toolchain 9610dfe5a9a731ced1ea4923ecbd0c57fe367898
[INFO] running `Command { std: CARGO_HOME="/workspace/cargo-home" RUSTUP_HOME="/workspace/rustup-home" "/workspace/cargo-home/bin/cargo" "+9610dfe5a9a731ced1ea4923ecbd0c57fe367898" "metadata" "--manifest-path" "Cargo.toml" "--no-deps", kill_on_drop: false }`
[INFO] started tweaking crates.io crate websocket-codec 0.5.2
[INFO] finished tweaking crates.io crate websocket-codec 0.5.2
[INFO] tweaked toml for crates.io crate websocket-codec 0.5.2 written to /workspace/builds/worker-5-tc1/source/Cargo.toml
[INFO] crate crates.io crate websocket-codec 0.5.2 already has a lockfile, it will not be regenerated
[INFO] running `Command { std: CARGO_HOME="/workspace/cargo-home" RUSTUP_HOME="/workspace/rustup-home" "/workspace/cargo-home/bin/cargo" "+9610dfe5a9a731ced1ea4923ecbd0c57fe367898" "fetch" "--manifest-path" "Cargo.toml", kill_on_drop: false }`
[INFO] running `Command { std: "docker" "create" "-v" "/var/lib/crater-agent-workspace/builds/worker-5-tc1/target:/opt/rustwide/target:rw,Z" "-v" "/var/lib/crater-agent-workspace/builds/worker-5-tc1/source:/opt/rustwide/workdir:ro,Z" "-v" "/var/lib/crater-agent-workspace/cargo-home:/opt/rustwide/cargo-home:ro,Z" "-v" "/var/lib/crater-agent-workspace/rustup-home:/opt/rustwide/rustup-home:ro,Z" "-e" "SOURCE_DIR=/opt/rustwide/workdir" "-e" "CARGO_TARGET_DIR=/opt/rustwide/target" "-e" "CARGO_HOME=/opt/rustwide/cargo-home" "-e" "RUSTUP_HOME=/opt/rustwide/rustup-home" "-w" "/opt/rustwide/workdir" "-m" "1610612736" "--user" "0:0" "--network" "none" "ghcr.io/rust-lang/crates-build-env/linux@sha256:19e73879b68f455e41552ea35293514db52ea292d993f571636dbffedb77a1ee" "/opt/rustwide/cargo-home/bin/cargo" "+9610dfe5a9a731ced1ea4923ecbd0c57fe367898" "metadata" "--no-deps" "--format-version=1", kill_on_drop: false }`
[INFO] [stdout] 6bca26099732eb784e0472368a3d5feb62629695b875a529c54f48ec31afc0e5
[INFO] running `Command { std: "docker" "start" "-a" "6bca26099732eb784e0472368a3d5feb62629695b875a529c54f48ec31afc0e5", kill_on_drop: false }`
[INFO] running `Command { std: "docker" "inspect" "6bca26099732eb784e0472368a3d5feb62629695b875a529c54f48ec31afc0e5", kill_on_drop: false }`
[INFO] running `Command { std: "docker" "rm" "-f" "6bca26099732eb784e0472368a3d5feb62629695b875a529c54f48ec31afc0e5", kill_on_drop: false }`
[INFO] [stdout] 6bca26099732eb784e0472368a3d5feb62629695b875a529c54f48ec31afc0e5
[INFO] running `Command { std: "docker" "create" "-v" "/var/lib/crater-agent-workspace/builds/worker-5-tc1/target:/opt/rustwide/target:rw,Z" "-v" "/var/lib/crater-agent-workspace/builds/worker-5-tc1/source:/opt/rustwide/workdir:ro,Z" "-v" "/var/lib/crater-agent-workspace/cargo-home:/opt/rustwide/cargo-home:ro,Z" "-v" "/var/lib/crater-agent-workspace/rustup-home:/opt/rustwide/rustup-home:ro,Z" "-e" "SOURCE_DIR=/opt/rustwide/workdir" "-e" "CARGO_TARGET_DIR=/opt/rustwide/target" "-e" "CARGO_INCREMENTAL=0" "-e" "RUST_BACKTRACE=full" "-e" "RUSTFLAGS=--cap-lints=forbid" "-e" "RUSTDOCFLAGS=--cap-lints=forbid" "-e" "CARGO_HOME=/opt/rustwide/cargo-home" "-e" "RUSTUP_HOME=/opt/rustwide/rustup-home" "-w" "/opt/rustwide/workdir" "-m" "1610612736" "--user" "0:0" "--network" "none" "ghcr.io/rust-lang/crates-build-env/linux@sha256:19e73879b68f455e41552ea35293514db52ea292d993f571636dbffedb77a1ee" "/opt/rustwide/cargo-home/bin/cargo" "+9610dfe5a9a731ced1ea4923ecbd0c57fe367898" "check" "--frozen" "--all" "--all-targets" "--message-format=json", kill_on_drop: false }`
[INFO] [stdout] 027080637c67d2f4177e0b7141e989ebfcea766658de4b4b104cff712823c302
[INFO] running `Command { std: "docker" "start" "-a" "027080637c67d2f4177e0b7141e989ebfcea766658de4b4b104cff712823c302", kill_on_drop: false }`
[INFO] [stderr]    Compiling libc v0.2.126
[INFO] [stderr]    Compiling proc-macro2 v1.0.40
[INFO] [stderr]    Compiling unicode-ident v1.0.2
[INFO] [stderr]    Compiling quote v1.0.20
[INFO] [stderr]    Compiling serde v1.0.140
[INFO] [stderr]    Compiling syn v1.0.98
[INFO] [stderr]    Compiling crossbeam-utils v0.8.11
[INFO] [stderr]    Compiling memoffset v0.6.5
[INFO] [stderr]    Compiling crossbeam-epoch v0.9.10
[INFO] [stderr]    Compiling rayon-core v1.9.3
[INFO] [stderr]     Checking aho-corasick v0.7.18
[INFO] [stderr]    Compiling tokio v1.20.0
[INFO] [stderr]    Compiling num-traits v0.2.15
[INFO] [stderr]    Compiling serde_json v1.0.82
[INFO] [stderr]     Checking regex-syntax v0.6.27
[INFO] [stderr]     Checking ryu v1.0.10
[INFO] [stderr]     Checking either v1.7.0
[INFO] [stderr]     Checking getrandom v0.2.7
[INFO] [stderr]    Compiling futures-core v0.3.21
[INFO] [stderr]     Checking atty v0.2.14
[INFO] [stderr]     Checking num_cpus v1.13.1
[INFO] [stderr]     Checking crossbeam-deque v0.8.2
[INFO] [stderr]     Checking rand_core v0.6.3
[INFO] [stderr]     Checking rand_chacha v0.3.1
[INFO] [stderr]     Checking crossbeam-channel v0.5.6
[INFO] [stderr]    Compiling proc-macro-error-attr v1.0.4
[INFO] [stderr]     Checking tracing-core v0.1.28
[INFO] [stderr]    Compiling rayon v1.5.3
[INFO] [stderr]    Compiling serde_derive v1.0.140
[INFO] [stderr]     Checking regex v1.6.0
[INFO] [stderr]     Checking regex-automata v0.1.10
[INFO] [stderr]     Checking itoa v1.0.2
[INFO] [stderr]     Checking plotters-backend v0.3.4
[INFO] [stderr]    Compiling httparse v1.7.1
[INFO] [stderr]     Checking clap v2.34.0
[INFO] [stderr]     Checking tracing v0.1.35
[INFO] [stderr]     Checking plotters-svg v0.3.2
[INFO] [stderr]     Checking rand v0.8.5
[INFO] [stderr]     Checking itertools v0.10.3
[INFO] [stderr]     Checking csv-core v0.1.10
[INFO] [stderr]     Checking sha1_smol v1.0.0
[INFO] [stderr]     Checking futures-sink v0.3.21
[INFO] [stderr]     Checking cast v0.3.0
[INFO] [stderr]     Checking bytes v1.2.0
[INFO] [stderr]     Checking half v1.8.2
[INFO] [stderr]     Checking same-file v1.0.6
[INFO] [stderr]     Checking itoa v0.4.8
[INFO] [stderr]     Checking walkdir v2.3.2
[INFO] [stderr]     Checking plotters v0.3.2
[INFO] [stderr]     Checking sha1 v0.6.1
[INFO] [stderr]     Checking env_logger v0.8.4
[INFO] [stderr]     Checking tokio-util v0.7.3
[INFO] [stderr]     Checking bstr v0.2.17
[INFO] [stderr]     Checking serde_cbor v0.11.2
[INFO] [stderr]     Checking oorandom v11.1.3
[INFO] [stderr]     Checking quickcheck v1.0.3
[INFO] [stderr]     Checking criterion-plot v0.4.5
[INFO] [stderr]     Checking csv v1.1.6
[INFO] [stderr]     Checking websocket-codec v0.5.2 (/opt/rustwide/workdir)
[INFO] [stderr]    Compiling proc-macro-error v1.0.4
[INFO] [stderr]     Checking tinytemplate v1.2.1
[INFO] [stderr]    Compiling structopt-derive v0.4.18
[INFO] [stderr]    Compiling quickcheck_macros v1.0.0
[INFO] [stderr]     Checking structopt v0.3.26
[INFO] [stderr]     Checking criterion v0.3.6
[INFO] [stdout] error: couldn't read benches/../../fuzz/corpus/custom/c9942e909a823b80df0728be2ba7a8e1689e69ef: No such file or directory (os error 2)
[INFO] [stdout]   --> benches/bench.rs:70:27
[INFO] [stdout]    |
[INFO] [stdout] 70 | const TINY_BYTES: &[u8] = include_bytes!("../../fuzz/corpus/custom/c9942e909a823b80df0728be2ba7a8e1689e69ef");
[INFO] [stdout]    |                           ^^^^^^^^^^^^^^^^^^^^^^^^^^^^^^^^^^^^^^^^^^^^^^^^^^^^^^^^^^^^^^^^^^^^^^^^^^^^^^^^^^^
[INFO] [stdout]    |
[INFO] [stdout]    = note: this error originates in the macro `include_bytes` (in Nightly builds, run with -Z macro-backtrace for more info)
[INFO] [stdout] 
[INFO] [stdout] 
[INFO] [stdout] error: couldn't read benches/../../fuzz/corpus/custom/16ed7b740770ec7c03d464e8cf9eb0d234a09e5f: No such file or directory (os error 2)
[INFO] [stdout]   --> benches/bench.rs:71:28
[INFO] [stdout]    |
[INFO] [stdout] 71 | const SMALL_BYTES: &[u8] = include_bytes!("../../fuzz/corpus/custom/16ed7b740770ec7c03d464e8cf9eb0d234a09e5f");
[INFO] [stdout]    |                            ^^^^^^^^^^^^^^^^^^^^^^^^^^^^^^^^^^^^^^^^^^^^^^^^^^^^^^^^^^^^^^^^^^^^^^^^^^^^^^^^^^^
[INFO] [stdout]    |
[INFO] [stdout]    = note: this error originates in the macro `include_bytes` (in Nightly builds, run with -Z macro-backtrace for more info)
[INFO] [stdout] 
[INFO] [stdout] 
[INFO] [stdout] error: couldn't read benches/../../fuzz/corpus/custom/bce1016fd05e9d70328cf0845004f50df264f4e6: No such file or directory (os error 2)
[INFO] [stdout]   --> benches/bench.rs:72:29
[INFO] [stdout]    |
[INFO] [stdout] 72 | const MEDIUM_BYTES: &[u8] = include_bytes!("../../fuzz/corpus/custom/bce1016fd05e9d70328cf0845004f50df264f4e6");
[INFO] [stdout]    |                             ^^^^^^^^^^^^^^^^^^^^^^^^^^^^^^^^^^^^^^^^^^^^^^^^^^^^^^^^^^^^^^^^^^^^^^^^^^^^^^^^^^^
[INFO] [stdout]    |
[INFO] [stdout]    = note: this error originates in the macro `include_bytes` (in Nightly builds, run with -Z macro-backtrace for more info)
[INFO] [stdout] 
[INFO] [stdout] 
[INFO] [stdout] error[E0432]: unresolved import `assert_allocations`
[INFO] [stdout]    --> src/frame.rs:320:9
[INFO] [stdout]     |
[INFO] [stdout] 320 |     use assert_allocations::assert_allocated_bytes;
[INFO] [stdout]     |         ^^^^^^^^^^^^^^^^^^ use of undeclared crate or module `assert_allocations`
[INFO] [stdout] 
[INFO] [stdout] 
[INFO] [stdout] error[E0432]: unresolved import `assert_allocations`
[INFO] [stdout]    --> src/mask.rs:102:9
[INFO] [stdout]     |
[INFO] [stdout] 102 |     use assert_allocations::assert_allocated_bytes;
[INFO] [stdout]     |         ^^^^^^^^^^^^^^^^^^ use of undeclared crate or module `assert_allocations`
[INFO] [stdout] 
[INFO] [stdout] 
[INFO] [stdout] error[E0432]: unresolved import `assert_allocations`
[INFO] [stdout]    --> src/message.rs:308:9
[INFO] [stdout]     |
[INFO] [stdout] 308 |     use assert_allocations::assert_allocated_bytes;
[INFO] [stdout]     |         ^^^^^^^^^^^^^^^^^^ use of undeclared crate or module `assert_allocations`
[INFO] [stdout] 
[INFO] [stdout] 
[INFO] [stdout] error: aborting due to 3 previous errors
[INFO] [stdout] 
[INFO] [stdout] 
[INFO] [stderr] error: could not compile `websocket-codec` (bench "bench") due to 4 previous errors
[INFO] [stderr] warning: build failed, waiting for other jobs to finish...
[INFO] [stdout] error: aborting due to 3 previous errors
[INFO] [stdout] 
[INFO] [stdout] 
[INFO] [stdout] For more information about this error, try `rustc --explain E0432`.
[INFO] [stdout] 
[INFO] [stderr] error: could not compile `websocket-codec` (lib test) due to 4 previous errors
[INFO] running `Command { std: "docker" "inspect" "027080637c67d2f4177e0b7141e989ebfcea766658de4b4b104cff712823c302", kill_on_drop: false }`
[INFO] running `Command { std: "docker" "rm" "-f" "027080637c67d2f4177e0b7141e989ebfcea766658de4b4b104cff712823c302", kill_on_drop: false }`
[INFO] [stdout] 027080637c67d2f4177e0b7141e989ebfcea766658de4b4b104cff712823c302
